s 50021562779 a composite number?
False
Is 532850047 prime?
True
Is 14153337503 a prime number?
False
Is 5220911471 prime?
True
Is 62764902503 a prime number?
True
Is 469689247 a prime number?
True
Is 844991317 prime?
True
Is 3840674209 a prime number?
True
Is 7735749979 a prime number?
False
Is 4771331143 a prime number?
True
Is 54065769149 a composite number?
True
Is 326319517 a composite number?
False
Is 107981597287 a composite number?
False
Is 2126268103 a composite number?
False
Is 10462888153 composite?
True
Is 107466917 a composite number?
True
Is 44752627277 a prime number?
True
Is 1687847969 a prime number?
False
Is 34467853501 a prime number?
False
Is 27171934013 prime?
False
Is 7159039571 prime?
True
Is 1248611326 a prime number?
False
Is 921139865 composite?
True
Is 7355123603 composite?
False
Is 370625873 a prime number?
False
Is 244423273 a prime number?
False
Is 2112328217 a composite number?
True
Is 14277561715 composite?
True
Is 1290241087 a prime number?
False
Is 7635619697 a prime number?
False
Is 56242965887 composite?
True
Is 12457983014 a prime number?
False
Is 16448544947 composite?
True
Is 43497970903 a prime number?
True
Is 192741914 composite?
True
Is 22507748231 prime?
True
Is 10793821001 a composite number?
False
Is 385472271593 prime?
True
Is 1859763607 a composite number?
True
Is 2515612883 a prime number?
False
Is 40326248993 prime?
False
Is 320933269 a composite number?
True
Is 94319593 composite?
False
Is 1714084283 prime?
False
Is 16090229 composite?
False
Is 151820831131 a prime number?
False
Is 32911758298 prime?
False
Is 39550804471 prime?
True
Is 39642949131 a prime number?
False
Is 233906486257 composite?
False
Is 2025034681 composite?
False
Is 84868325747 composite?
True
Is 1021017677 prime?
False
Is 4141197919 a prime number?
False
Is 11997502103 a prime number?
True
Is 22819402129 prime?
True
Is 32641335721 prime?
False
Is 39199768453 a composite number?
False
Is 3424194157 composite?
False
Is 35871917 composite?
True
Is 1125692303 a prime number?
True
Is 175797043 prime?
False
Is 20231786419 prime?
False
Is 1292977831 prime?
False
Is 11706126967 composite?
True
Is 1678734271 a prime number?
True
Is 186317993 prime?
False
Is 129167519237 prime?
True
Is 20357136857 composite?
False
Is 1979196979 prime?
True
Is 77844725513 prime?
True
Is 97778789 a composite number?
True
Is 125725949 prime?
True
Is 14999125954 composite?
True
Is 517020037 prime?
False
Is 11398423469 composite?
True
Is 72503489953 prime?
True
Is 412136441 a prime number?
True
Is 6884198665 a prime number?
False
Is 3176785523 prime?
True
Is 187309115239 composite?
False
Is 831237551 prime?
True
Is 78696057821 composite?
False
Is 345571339 composite?
True
Is 2643951553 prime?
True
Is 50617696879 composite?
True
Is 1691142917 a prime number?
False
Is 533039183 a composite number?
True
Is 11261247469 prime?
True
Is 173895287 prime?
True
Is 9131022259 a composite number?
False
Is 905457743 prime?
False
Is 3296807201 composite?
True
Is 17055604613 prime?
False
Is 4941732701 composite?
True
Is 1973347477 prime?
True
Is 17237607649 prime?
False
Is 1203485947 prime?
False
Is 9518523163 composite?
False
Is 1340678159 composite?
False
Is 13244751739 a prime number?
True
Is 47296139897 prime?
True
Is 4268064149 a prime number?
False
Is 46738928591 prime?
True
Is 2744174593 a composite number?
False
Is 1031955629 prime?
True
Is 22199294921 a prime number?
False
Is 3405477433 prime?
True
Is 302397783 a prime number?
False
Is 2978584537 a prime number?
True
Is 800190361 a composite number?
False
Is 201675059 composite?
False
Is 2979992311 prime?
False
Is 185050007 a composite number?
False
Is 24401695147 a composite number?
True
Is 328498930409 a composite number?
True
Is 190631115005 composite?
True
Is 29191262941 composite?
False
Is 29203939613 prime?
True
Is 645546611 a prime number?
False
Is 1748726491 a composite number?
True
Is 1720986251 a prime number?
False
Is 42597288119 a composite number?
False
Is 8615625367 composite?
False
Is 453485003 prime?
True
Is 702211091 composite?
True
Is 6077453227 a prime number?
False
Is 4834635983 a composite number?
True
Is 4213647535 prime?
False
Is 3007838357 a composite number?
False
Is 2376976709 prime?
True
Is 1373415079 prime?
False
Is 1129324681 composite?
True
Is 8396610445 composite?
True
Is 3165188773 composite?
True
Is 1281149603 a prime number?
False
Is 29034488474 composite?
True
Is 1248755713 a composite number?
False
Is 20125289281 composite?
True
Is 36125123 a prime number?
True
Is 325060961 a composite number?
True
Is 45748600907 composite?
True
Is 179616091 prime?
True
Is 2449579183 a composite number?
True
Is 99543698633 a composite number?
True
Is 2120103331 a prime number?
False
Is 90634363 a composite number?
True
Is 26293777945 a composite number?
True
Is 4823387893 a prime number?
True
Is 57317414837 prime?
True
Is 79262221 a composite number?
True
Is 6097826099 composite?
False
Is 2328164533 a composite number?
True
Is 2636269063 a prime number?
True
Is 2084547917 composite?
False
Is 1179040183 a composite number?
False
Is 161986483 a prime number?
True
Is 1203376843 composite?
True
Is 131460762263 a composite number?
False
Is 3166579342 prime?
False
Is 2572863769 a composite number?
True
Is 212896193 a prime number?
True
Is 15078296323 a prime number?
False
Is 50770270469 a prime number?
True
Is 911933663 prime?
False
Is 1122346597 a prime number?
True
Is 2124813329 a composite number?
False
Is 17803832231 a composite number?
False
Is 36973712157 prime?
False
Is 1264635409 a prime number?
True
Is 7996362727 composite?
False
Is 2695919 composite?
True
Is 887696143 a composite number?
True
Is 20436861337 a composite number?
True
Is 43372471393 prime?
True
Is 3151200823 a composite number?
True
Is 1258489321 prime?
False
Is 346828429 a prime number?
False
Is 6747794237 prime?
True
Is 682565621 a prime number?
True
Is 21515035313 a prime number?
False
Is 14243997619 a composite number?
False
Is 1732065931 composite?
False
Is 1517633399 prime?
False
Is 3128272753 composite?
False
Is 683297591 composite?
True
Is 30788931 prime?
False
Is 40865393131 a prime number?
True
Is 196947299 prime?
False
Is 29349729949 prime?
False
Is 73204941469 prime?
False
Is 35521587433 a prime number?
True
Is 1585273469 composite?
True
Is 13989097037 a composite number?
True
Is 656688577 a prime number?
True
Is 14130602909 composite?
False
Is 219260521 prime?
True
Is 70400509 a composite number?
True
Is 15685686647 a prime number?
True
Is 183750627163 prime?
True
Is 1339582427 composite?
False
Is 4865827507 a prime number?
False
Is 17798149001 a composite number?
False
Is 14565819199 prime?
False
Is 183695423 prime?
True
Is 913786239 a prime number?
False
Is 3742133489 prime?
True
Is 992050373 a prime number?
False
Is 3147888853 a composite number?
False
Is 253317193 a composite number?
True
Is 651903983 prime?
False
Is 297701387 a composite number?
False
Is 92791573871 a prime number?
True
Is 18018723539 prime?
False
Is 46109612855 a composite number?
True
Is 19153893091 a prime number?
False
Is 5431687147 prime?
True
Is 15976418411 a composite number?
True
Is 52962465641 composite?
False
Is 4707875351 a composite number?
False
Is 36439392167 a composite number?
True
Is 7714775581 prime?
False
Is 1660950479 prime?
True
Is 48693420059 a prime number?
False
Is 17688347503 composite?
False
Is 169447183 composite?
False
Is 1112291093 a prime number?
True
Is 17150780841 composite?
True
Is 1039604879 a composite number?
False
Is 2028355237 prime?
False
Is 521613007 a composite number?
False
Is 154883717 a prime number?
True
Is 448499059 a prime number?
False
Is 23033884567 a composite number?
False
Is 34397779441 prime?
False
Is 2120412571 composite?
False
Is 23793060682 a composite number?
True
Is 93121781 a composite number?
False
Is 3091584785 a composite number?
True
Is 90888659 prime?
False
Is 1469809801 composite?
False
Is 8955046689 a composite number?
True
Is 6239939761 prime?
False
Is 943322699 composite?
True
Is 18471731791 a prime number?
True
Is 140179824341 a prime number?
False
Is 532876493 prime?
True
Is 244475323 composite?
False
Is 22684451459 composite?
False
Is 2149147829 a composite number?
F